.
49
Evaluate 38 - (-32 + 228) - -78.
-80
94 + -108 + -64 + -5
-83
What is 195 - (38 + 139 + -46)?
64
Calculate -42 + (-460 - -472) + -36 + -1 + 19.
-48
Calculate -66 + 0 - (114 + -121) - 32.
-91
Calculate -64 - (43 - (-49 - -131)).
-25
Calculate -309 - -257 - (-19 - 10).
-23
Evaluate -80 - (-35 - (-74 + 58) - (1 - 6)).
-66
Evaluate 0 + -108 + (13 - (-12 + 10)) + (9 - 15).
-99
Evaluate 8 + -1 - (4 + -6 - 12 - -36 - 15).
0
39 + -82 + -3 - (3 + -3 + 3)
-49
Evaluate -37 + 1 + (1 - ((1 - -3) + (37 - 33))).
-43
Evaluate 61 - ((1 - 2) + -2 + 15 - (7181 + -7162)).
68
Calculate (3 - (14 - (-4 - -1)) - (-67 - -52)) + -3.
-2
Evaluate ((12 - -2) + -11 + 2 - 5) + -4 - 37.
-41
-1 + -1 + 16 + -20 - (35 - 25)
-16
What is (18 - 101) + (0 - (5 - 29))?
-59
What is the value of -5 - (-126 + -100 + 76)?
145
(28 - (-32 + -2 + 46)) + -109
-93
Calculate (10 - (-2 + 15 + 3)) + -40.
-46
Calculate -14 - (51 - 0 - (-78 - (-48 - 13))).
-82
Calculate 908 + -829 + 1 + -109.
-29
Calculate 132 + -128 + -65 - -83.
22
(-11 + 6 + 1 + -14 - 5) + -8
-31
-42 + (13 - ((2 - -1) + 57 + -46)) - -14
-29
Evaluate 5 - 7 - (-1 - -91) - ((-56 - 13) + 76).
-99
Calculate (31 - (45 - 14)) + (0 - -18).
18
Evaluate 40 + -27 + -9 + -10 + -25.
-31
Calculate 59 + -2 + (-243 + 238 - (3 + -5 + 6)).
48
Calculate (-2 + -10 + -5 - (-1 - 15)) + 124.
123
What is the value of (182 - 107) + -24 - (25 + 0)?
26
What is the value of -684 - -681 - ((-1 + 1 - 1) + -6)?
4
Calculate 5 - (-22 + -1 + 22 + -14).
20
What is the value of (-13 - 2) + (23 - 53) + 6?
-39
Calculate 38 + 16 + -39 - 8 - 16.
-9
476 + -466 + (1 - 5) + (-6 + 2 - 23)
-21
Calculate 23 - ((-153 - -131) + (51 - 1)).
-5
Evaluate (-22 + 76 - 33) + 6 + 5 + 6.
38
What is (0 - 43) + 1780 + -1729?
8
10 + -58 - (28 + -19 + 10)
-67
What is 1 + 6 - (560 - 522)?
-31
-45 + (-16 + -2 + 3 + 4 - (-39 + 16))
-33
What is the value of 39 - (-7 + (-5 - (-34 - -15) - (3 + 3)))?
38
64 - (40 + -22 + -8 + 4)
50
What is the value of 3663 - 3679 - (-1 - -22)?
-37
What is (-2 + -4 - 1) + -78 + -11 + 124?
28
What is -35 + 71 + 8 + -30?
14
What is -18 + -55 + (69 - 32)?
-36
Calculate 25 - (-6 + (-142 + 149 - (10 + 1))).
35
What is the value of 1556 - 1506 - (1 + 45)?
4
Calculate (2 + 6 - 13) + -42 + 38 + -2 + 8.
-3
What is the value of 194 + (-49 - 7) + -130?
8
What is the value of (88 - 46) + -31 + -28?
-17
What is (-3 + 2 - (-14 - -40)) + 4 + 7?
-16
(-2 - -2) + (-40 - -14) + 7 + -6
-25
Evaluate -41 + 8 + (-2 + -11 - -7 - -7).
-32
Evaluate -25 - (-4 + 2 + -14 + 20 + -12).
-17
What is the value of (-9 - -49) + 27 + -18 + 8 + -3?
54
Evaluate -60 - (92 + -82) - -35.
-35
What is (-1 - (24 + (-8 - -5) + 55)) + -7?
-84
What is the value of -53 + 127 + -70 - (2 + 49 - (-1 - 0))?
-48
23 + 2 - 19 - (-26 - 45)
77
What is -1 - -18 - 0 - (-5571 + 5588) - 18?
-18
What is 10 - (7 + -20 - (14 - 8)) - -7?
36
What is the value of -36 + 56 + -96 + 23?
-53
-51 + -2 + 17 + (2 - (12 + (-11 - -12)))
-47
What is (150 - 144) + -41 + -94?
-129
What is -26 - (-27 - (23 + -67))?
-43
Evaluate -13 + (-21 - (-34 + 13 + -3)).
-10
What is the value of 2 + 78 + -76 + (38 - 1) - -1?
42
What is the value of (3 - -40 - 0) + -13 + 93 + -61?
62
Calculate 37 - (-4 + 25) - (90 - (-17 + (1 - -4))).
-86
-34 + 16 - -51 - (-19 - 1)
53
Calculate -21 + 37 + 24 + -20 + 8.
28
What is the value of 4 - 38 - (-7 + (-2 - -6) - 1 - -5)?
-35
Evaluate (-1730 - -1729) + (-9 - -7 - -40).
37
What is the value of -49 + (-15 - -44 - 4)?
-24
Evaluate (-17 - (0 - 10) - 1 - (41 - -1)) + 5.
-45
Calculate (-17 - (-29 - -8)) + -6 - 38.
-40
-318 + 190 + (45 - -8)
-75
Calculate (-5 - 2) + 2 + 10 + -1 + (-195 - -69).
-122
What is (3 + 2 - (-20 + 38)) + (100 - 8)?
79
Calculate 73 - -24 - (-8 + 2 + -2 - -19).
86
(0 - 4) + 85 + -57 + (3 - -2)
29
What is the value of 1 + -55 + -633 + 729?
42
What is the value of -11 + (4 - -1) + -73 + -296 + 287?
-88
Calculate (12 - -38) + -97 - (-4 + -2).
-41
Evaluate -15 + (-12 + 0 + -66 - -16).
-77
What is the value of -908 + 963 - (96 - 22)?
-19
Evaluate -1 + -13 + (12 - (7 + (6 - 5)) - -4).
-6
What is -13 + (-3 + (-11 - -26) - 9) + -32 + 0?
-42
What is -43 + (38 + -99 - (-1 + -28))?
-75
Calculate (30 - (8 - (-56 - -31))) + 18.
15
(-284 - -271) + -28 + 5
-36
Evaluate -8 + 8 + (-9 - -3) + (0 - 12) + 6.
-12
Calculate (10 - 0) + 11 + (3 - (7 + 13)).
4
Evaluate -52 + 11 + 9 + -21 + 17.
-36
Evaluate (-2 - 10) + (-16 + 14 - 29) + 14.
-29
Evaluate (3 - 20 - 7) + 0 - 25.
-49
Evaluate -9 + (-88 - -189) + -232.
-140
0 - 5 - (23 - ((24 - -116) + -25))
87
What is the value of 6 - (-11 - (-15 + -4 + 13)) - (-20 + -65)?
96
What is ((9 - 7) + -60 - -3) + 9 + (11 - 1)?
-36
Evaluate (-41 - (60 + -79)) + 29.
7
Evaluate 0 + -13 + 62 + (6 - 32).
23
Calculate -101 - -110 - 63 - 26.
-80
Calculate 11 - (2 + -7 + (136 - 172)).
52
Calculate -25 - (-4 - (17 + -29 + 0)).
-33
-10 - -12 - (7 + 5 - 33)
23
Evaluate -12 - ((17 - (-2 - -18) - (1 - 5)) + 4).
-21
Evaluate -8 + -11 + (-12 - -18 - -2).
-11
What is the value of -6 - -1 - (11 - 7 - (-4 - 1))?
-14
-8 + 9 + -8 - (-12 + 8) - (42 + 5)
-50
What is the value of 80 - 0 - (8600 + -8606)?
86
Evaluate 7 + 23 + -21 - 19 - (-64 - (-3 - -1)).
52
What is -7 - (-3 - (0 - -6 - 9) - (-79 + -2))?
-88
What is 32 + 57 + -150 - 0?
-61
Evaluate (4 - -3 - 3) + -1 + 7 + -1 - 22.
-13
What is the value of (-1 - -37) + (-2325 - -2327)?
38
What is 3 + -1 + (-11 - -11) + 9 + (9 - 126)?
-106
(5 - -17 - 48) + 21 - 18
-23
Calculate -8 - (11 + 5) - (33 + 0).
-57
What is the value of -3 + 1 + (118 - 56 - 37) + 4?
27
105 + -54 + (21 - 4)
68
-18 - (-19 + 8) - 20
-27
What is (26 - -19) + 0 - (3 + -31)?
73
What is -34 - (-220 + 140) - -29?
75
Evaluate 122 + (-1 - 4 - ((29 - -9) + -66 - -22)).
123
Evaluate (7 - -1) + 4 + (153 + (-44 - -24) - 14).
131
What is the value of (-298 - -318) + 2 + (-5 + 0 + -10 - 0)?
7
What is the value of -39 - (-52 + -73 + 31)?
55
What is the value of 3 + 157 + 16 + -61?
115
(-6 - 48) + -195 + 269
20
What is (-1 - (-29 + 16)) + -4 - 22?
-14
Calculate (20 - (-7 + 46)) + 21 + (-6 - -70).
66
(-75 - -139) + -53 + -121
-110
Calculate -14 + 11 + 45 - (10 + 6) - -18.
44
Evaluate 5 + -91 + -5 - (51 - 84 - -16).
-74
Calculate -8 + 6 + -3 + (-14 - (-210 + 31 + 25)).
135
-1 - 10 - (-27 + -15 - -1)
30
Evaluate 32 + (13 - 19) - -60.
86
-19 - ((-69 - 1) + 64 + -80) - 8
59
What is the value of 32 - 13 - (-114 + (42 - 23))?
114
What is the value of 8 + -2 + 0 + 5 + 49 + -73?
-13
Evaluate (3147 - 3184) + 18 + 0.
-19
Evaluate 29 + -58 + -108 + 49.
-88
92 - (-58 + 85 + -44)
109
What is 100 + -64 - (0 - -10 - -6)?
20
Calculate -24 - (6 + 14 + -66) - -25.
47
(202 + -192 - ((7 + -1 - 12) + 9)) + 6
13
What is -22 + (4 - 29) + 30?
-17
-2912 - -2859 - (-35 - -1)
-19
Evaluate -2 + (16 - 11 - -21) - -23.
47
115 + -10 + -108 + 61
58
What is 30 - (-23 - (23 - 23)) - 13?
40
What is the value of 13 + -49 + 34 - ((-1 - -55) + 2)?
-58
What is the value of -1 + 21 + -23 + 33 + -20?
10
What is 51 + -31 + (-41 - -14)?
-7
Evaluate 3 + 1 + -8279 + 8314.
39
-89 + 22 - (-232 - -118)
47
4 + -17 + 35 + -19 + -2 + -1 + -6
-6
Evaluate -26 + 1 + -18 + (-18 + 0 + 10 - -27).
-24
0 + 13 + 0 + (-4856 - -4853)
10
What is the value of -3 + 14 + (183 - 107) + 0 + -1?
86
What is the value of -4 + -24 - (-167 + 90)?
49
0 + 44 - (88 + (2 - 26) - 53)
33
What is 361 + -386 - (-39 + -2 + 7)?
9
What is -28 + 31 - (-3 + (-10 - -47))?
-31
Evaluate -20 - (9 - 31) - (61 - 0 - -9).
-68
What is -34 + 2 + -2703 + 2674?
-61
Evaluate 1 - (4 + 5 + -17) - (-41 + 4 + -14).
60
What is (-22 - -21) + 113 - 13 - (13 + -1)?
87
(-3 - 10) + (-15 + 7 - 7 - -3)
-25
Calculate -38 + -32 + 133 - 65.
-2
-18 - (7 + -23 + 19 + -36 + 13)
2
-14 + (-26 - -18) + 17 - (10 - 2)
-13
Evaluate 9 + (-42 + 33 - -13) + -1 + 9.
21
Evaluate 15 + -45 + -26 + (3 - -7).
-46
What is the value of (-51 - (9 + (8 - 15) + 6)) + (3 - 2)?
-58
(0 - 2) + 105 + 2742 + -2731
114
What is (-281 + 137 - -149) + (-2 - -3 - (-61 - -2))?
65
Evaluate -28 - ((36 - 2) + -104).
42
Calculate 1 + 9 + (0 - -11) + -8 - -38.
51
Evaluate 180 + -116 + (-31 - -7).
40
What is (21 - (32 + -25)) + (-5 - 0)?
9
What is -422 + 419 + (1 - 0) + 8?
6
What is the value of -8 + -136 + 2 + (11 - -2) + -283 + 273?
-139
Calculate -1 + -52 - -157 - 199.
-95
Evaluate (-29 - (1 + (-32 - -14)) - -6) + -54.
-60
-22 + -8 + (-10 - -1